6
What is the ten thousands digit of 628272781?
7
What is the ten millions digit of 1495616849?
9
What is the hundreds digit of 1594428352?
3
What is the hundreds digit of 481095533?
5
What is the hundred millions digit of 4962343039?
9
What is the tens digit of 31121298?
9
What is the hundred thousands digit of 3997075089?
0
What is the ten thousands digit of 100545953?
4
What is the millions digit of 2756183997?
6
What is the millions digit of 750348595?
0
What is the hundred millions digit of 102494199?
1
What is the tens digit of 101235978?
7
What is the thousands digit of 825666849?
6
What is the billions digit of 1614485516?
1
What is the tens digit of 463559?
5
What is the ten millions digit of 272650056?
7
What is the hundred thousands digit of 3453325?
4
What is the ten thousands digit of 103002629?
0
What is the units digit of 144627751?
1
What is the millions digit of 243294887?
3
What is the ten millions digit of 4280263931?
8
What is the tens digit of 397503091?
9
What is the millions digit of 74048109?
4
What is the hundred thousands digit of 30512413?
5
What is the hundred thousands digit of 37007662?
0
What is the tens digit of 112215154?
5
What is the ten millions digit of 68141787?
6
What is the millions digit of 37378191?
7
What is the thousands digit of 203245941?
5
What is the hundred thousands digit of 13474059?
4
What is the ten thousands digit of 114119509?
1
What is the tens digit of 57780531?
3
What is the tens digit of 1213501391?
9
What is the units digit of 279477187?
7
What is the units digit of 223589409?
9
What is the ten millions digit of 1759631559?
5
What is the thousands digit of 568481344?
1
What is the hundreds digit of 523028647?
6
What is the hundred millions digit of 1956644457?
9
What is the ten thousands digit of 4475820?
7
What is the ten millions digit of 2046586762?
4
What is the millions digit of 1680707975?
0
What is the tens digit of 21455122?
2
What is the hundreds digit of 9737560?
5
What is the ten thousands digit of 108355440?
5
What is the hundred thousands digit of 94945516?
9
What is the thousands digit of 7898105969?
5
What is the tens digit of 389092972?
7
What is the hundred thousands digit of 157206507?
2
What is the ten thousands digit of 72855119?
5
What is the units digit of 4980675?
5
What is the ten millions digit of 523469896?
2
What is the hundred thousands digit of 1082856584?
8
What is the ten millions digit of 41013113?
4
What is the ten millions digit of 32023302?
3
What is the millions digit of 45427249?
5
What is the millions digit of 27288772?
7
What is the millions digit of 118805491?
8
What is the hundred millions digit of 216658188?
2
What is the thousands digit of 3433442326?
2
What is the ten thousands digit of 35820828?
2
What is the thousands digit of 28637506?
7
What is the millions digit of 103546699?
3
What is the units digit of 17749167?
7
What is the ten thousands digit of 71152738?
5
What is the millions digit of 3964275639?
4
What is the units digit of 23609697?
7
What is the millions digit of 6089017?
6
What is the thousands digit of 351348930?
8
What is the units digit of 737077079?
9
What is the hundreds digit of 3275731958?
9
What is the thousands digit of 79303154?
3
What is the thousands digit of 64027109?
7
What is the hundred thousands digit of 105849337?
8
What is the ten thousands digit of 141404842?
0
What is the billions digit of 7102495982?
7
What is the thousands digit of 33708300?
8
What is the hundred millions digit of 4932742793?
9
What is the tens digit of 130650144?
4
What is the millions digit of 715967570?
5
What is the tens digit of 103097942?
4
What is the units digit of 6584689?
9
What is the thousands digit of 231590587?
0
What is the hundred thousands digit of 2501989274?
9
What is the hundred millions digit of 2953681981?
9
What is the units digit of 735832348?
8
What is the hundreds digit of 420324189?
1
What is the ten millions digit of 925197502?
2
What is the millions digit of 49190787?
9
What is the units digit of 199522702?
2
What is the ten millions digit of 22151307?
2
What is the thousands digit of 72485698?
5
What is the units digit of 908879640?
0
What is the thousands digit of 678900288?
0
What is the hundred thousands digit of 79446899?
4
What is the hundreds digit of 224476767?
7
What is the tens digit of 9513966203?
0
What is the hundreds digit of 94717436?
4
What is the ten thousands digit of 171048227?
4
What is the hundreds digit of 362642422?
4
What is the ten thousands digit of 39352947?
5
What is the hundreds digit of 1187800102?
1
What is the tens digit of 302379863?
6
What is the ten thousands digit of 154339783?
3
What is the hundreds digit of 4492649923?
9
What is the ten thousands digit of 229288044?
8
What is the hundreds digit of 68494279?
2
What is the ten millions digit of 46142899?
4
What is the units digit of 1432572?
2
What is the ten millions digit of 250676865?
5
What is the hundreds digit of 3168644837?
8
What is the thousands digit of 29927548?
7
What is the ten millions digit of 636193953?
3
What is the ten thousands digit of 58832359?
3
What is the ten thousands digit of 59544712?
4
What is the ten millions digit of 47944085?
4
What is the ten thousands digit of 5439628782?
2
What is the millions digit of 134183979?
4
What is the ten millions digit of 132057809?
3
What is the units digit of 50701313?
3
What is the units digit of 5920920428?
8
What is the millions digit of 297776423?
7
What is the billions digit of 2045225108?
2
What is the thousands digit of 44130294?
0
What is the millions digit of 4811648835?
1
What is the hundred thousands digit of 133570259?
5
What is the ten thousands digit of 78864673?
6
What is the hundreds digit of 3508169?
1
What is the billions digit of 2825524583?
2
What is the ten millions digit of 1340053745?
4
What is the units digit of 118265732?
2
What is the ten millions digit of 400676539?
0
What is the hundred thousands digit of 58775360?
7
What is the tens digit of 64834803?
0
What is the ten millions digit of 79674566?
7
What is the ten thousands digit of 434242189?
4
What is the hundred thousands digit of 752854542?
8
What is the tens digit of 1836630?
3
What is the billions digit of 3424348887?
3
What is the hundred millions digit of 4147777984?
1
What is the hundreds digit of 1377749207?
2
What is the hundred thousands digit of 1043517354?
5
What is the units digit of 194746089?
9
What is the tens digit of 45196250?
5
What is the hundred millions digit of 110165807?
1
What is the millions digit of 219378196?
9
What is the millions digit of 559776876?
9
What is the ten thousands digit of 878731668?
3
What is the hundred thousands digit of 21876161?
8
What is the units digit of 764166150?
0
What is the thousands digit of 2446896578?
6
What is the tens digit of 53528070?
7
What is the tens digit of 3085659815?
1
What is the hundred thousands digit of 513138864?
1
What is the hundreds digit of 139726107?
1
What is the ten millions digit of 316317806?
1
What is the ten thousands digit of 2091163300?
6
What is the hundred thousands digit of 112888705?
8
What is the hundreds digit of 2868379500?
5
What is the hundred thousands digit of 241822219?
8
What is the thousands digit of 91834271?
4
What is the hundreds digit of 41621208?
2
What is the thousands digit of 699278493?
8
What is the billions digit of 4398114892?
4
What is the units digit of 966090859?
9
What is the ten millions digit of 541867775?
4
What is the tens digit of 325503667?
6
What is the hundred thousands digit of 24227873?
2
What is the hundred millions digit of 101138833?
1
What is the ten millions digit of 102271963?
0
What is the units digit of 1306734812?
2
What is the units digit of 321226023?
3
What is the thousands digit of 1918720698?
0
What is the ten millions digit of 62604131?
6
What is the units digit of 10048717?
7
What is the units digit of 5983278?
8
What is the hundred millions digit of 128271607?
1
What is the units digit of 759892654?
4
What is the hundred millions digit of 550516918?
5
What is the millions digit of 68518857?
8
What is the ten thousands digit of 77852398?
5
What is the tens digit of 525818884?
8
What is the hundred thousands digit of 8559081?
5
What is 